n divisor of 91 and j.
7
Let q be (-82 - -2)*770/(-88). What is the highest common factor of 28 and q?
28
Let c(q) = -q**2 - 8*q + 104. Let t be c(0). What is the greatest common divisor of 130 and t?
26
Suppose -k + 4*j + 154 + 902 = 0, -j = -5*k + 5204. What is the highest common factor of k and 65?
65
Let a = -256 - -281. What is the greatest common factor of 160 and a?
5
Let i(b) = -3*b**3 - b**2 - b - 3. Let o be i(-3). Let p = -13 + 16. Suppose -p*h + h = j - 16, -j = 0. What is the highest common factor of h and o?
8
Let s = 212 - 149. Let b = -47 + s. Suppose 0 = 4*v - 65 - 127. What is the greatest common divisor of b and v?
16
Let i = 16 + -10. Suppose 0 = -i*w + 3*w + 27. Let v be 4/14 + (-5528)/(-56). Calculate the greatest common factor of v and w.
9
Let v be -23*(-2)/4*-2. Let g = v - -37. Let x(d) = d**3 - 13*d**2 - 13*d - 13. Let l be x(g). What is the greatest common divisor of 3 and l?
1
Suppose 5*x - 124 - 66 = 5*r, -4*r = 3*x - 100. What is the highest common factor of x and 60?
12
Let s = -199 + 301. Let z = 115 - s. Calculate the greatest common divisor of z and 39.
13
Let b = 704 - -1749. What is the highest common factor of 11 and b?
11
Suppose 0*p = -14*p + 2240. What is the greatest common divisor of 20 and p?
20
Suppose -4*j = j - 20. Let q = 106 - 99. Suppose 155 = q*g + 15. What is the highest common divisor of g and j?
4
Suppose -p - 2*p - 70 = -5*v, -3*v = -3*p - 78. Let h = 80 + p. Calculate the highest common factor of 10 and h.
10
Let c(v) = 35*v - 207. Let h be c(6). Calculate the greatest common divisor of 189 and h.
3
Suppose 59*v = 55*v + 2*i + 102, 0 = v + 3*i - 29. What is the highest common divisor of v and 182?
26
Suppose 5*h - 154 - 46 = 0. What is the highest common divisor of h and 100?
20
Let x(c) = 10*c**2 + 14*c + 2. Let i be x(-5). What is the highest common factor of i and 70?
14
Let a be (-1194)/(-15) + (-34)/(-85). What is the highest common divisor of a and 90?
10
Let s be 20/(11 + -6) + 411. What is the greatest common divisor of s and 5?
5
Let d be (64/20)/((-4)/(80/(-4))). Let k(a) = 3*a - 10. Let g be k(d). Calculate the highest common divisor of 304 and g.
38
Let q(a) = a**2 - a + 318. Let t be q(0). Suppose -10*z = -8*z - t. Let s be z/5 + 2/10. Calculate the highest common factor of 16 and s.
16
Let g(t) = 3*t**2 + t - 73. Let b be g(7). What is the greatest common factor of 567 and b?
81
Let y = 15 + 20. Let p = -32 - -46. What is the greatest common factor of y and p?
7
Suppose -4*i = -3*w - 1556, -i + w = -3*w - 376. What is the highest common divisor of i and 49?
49
Let w be (-21)/(84/(-136))*(-13)/(-2). What is the highest common divisor of 13 and w?
13
Suppose 224*o + 2560 = 232*o. Calculate the highest common factor of 128 and o.
64
Let c(k) = -k**2 - 40*k - 266. Let r be c(-10). Calculate the greatest common factor of r and 20.
2
Suppose 14*x + 133 = 511. What is the greatest common factor of x and 216?
27
Let z be (-5 - 22/(-4))/(1/12). Let j be (8 - 5) + 1 + z. Let d(n) = n**3 - 5*n**2 - 4*n - 2. Let c be d(6). Calculate the highest common divisor of j and c.
10
Let y(r) = 6*r**3 - 4*r**2 + 4*r - 4. Let x be y(2). Suppose x*t - 414 = 33*t. What is the highest common factor of 6 and t?
6
Suppose 0 = -3*d + 606 - 90. Let k be ((-4)/((-16)/d))/(-1). Let t = 65 + k. Calculate the greatest common divisor of t and 110.
22
Suppose -4*w - 3*d = -40, 5*w - 22 = 3*d + 28. Let h = -7 - -18. Suppose 2*z + h = 151. What is the greatest common divisor of w and z?
10
Suppose 0 = -2*g - 3*g + 75. Suppose 3*q - 11*o - 50 = -10*o, 5*q - 95 = 4*o. What is the highest common divisor of q and g?
15
Let f(u) = -u + 139. Let l be f(49). Suppose 0 = 5*c + 20 - 65. What is the greatest common factor of c and l?
9
Suppose 3*s = 5*c - 365, 0 = 7*c - 8*c - 4*s + 96. What is the highest common factor of 266 and c?
38
Let w be (((-5049)/18)/(-11))/(3/4). Calculate the greatest common divisor of w and 306.
34
Suppose -o + 283 = -m, 3*o - 543 - 327 = -4*m. Calculate the highest common divisor of 26 and o.
26
Let n be (12/9)/((-12)/(-216)). What is the greatest common divisor of 104 and n?
8
Suppose 3*k + 303 = w, -5 = -0*k + k. Calculate the greatest common factor of w and 18.
18
Let r = 8 + -13. Let u = r - -9. Suppose -105*d - 44 = -116*d. What is the highest common factor of d and u?
4
Let c(x) = -5*x - 5. Let v be c(-7). Suppose 3*h + 74 = 254. Calculate the highest common factor of v and h.
30
Let u be (1134/(-84))/(2/72*-1). Let q = u + -234. Calculate the highest common divisor of q and 36.
36
Let i be 4*(-2)/(-4) + 15 + -4. Suppose 2*f = f + 3*c + 10, 4*f + c = -12. Let k be f/6 + (-1252)/(-12). Calculate the highest common factor of i and k.
13
Let k be 8/52 - -1*345/39. Calculate the greatest common divisor of 261 and k.
9
Suppose n = 3*i + 309 + 85, 758 = 2*n + 4*i. Calculate the greatest common divisor of 11 and n.
11
Let z(j) be the second derivative of j**5/10 - 17*j**4/12 - 19*j**3/6 + 7*j**2/2 - 17*j. Let x be z(10). Calculate the greatest common divisor of 13 and x.
13
Let n be 49*((-12)/(-42) + 0). Calculate the highest common factor of 49 and n.
7
Let t be 4 + -5 + 3 + 15. Let v = t + -19. Let u be 8*(-4)/32*v. Calculate the highest common divisor of u and 1.
1
Suppose -8640 = 804*m - 808*m. Calculate the highest common factor of 80 and m.
80
Let r = 9 + -12. Let a = 5 + r. Suppose 0 = -2*d + 4*g + 26 + 2, -d = 2*g - a. What is the greatest common divisor of 20 and d?
4
Let w(j) = -j + 11. Suppose -3 - 4 = t. Let h be w(t). What is the highest common divisor of h and 12?
6
Let b(c) = -2*c**3 - 7*c**2 - 5*c + 16. Let q be b(-3). Calculate the greatest common factor of q and 1034.
22
Let z = -555 + 639. What is the greatest common divisor of 48 and z?
12
Let q be 10*((-21)/2)/(-7). Let j = 86 + -57. Let l = j - q. Calculate the greatest common factor of 98 and l.
14
Let r = -65 - -128. Suppose 0*i - 2*m + 46 = 2*i, 5*i - 103 = m. Calculate the greatest common factor of r and i.
21
Let o be 8/28 + 6/(-21). Suppose -t + 23 = -o*b + b, 4*b - 113 = -5*t. What is the greatest common divisor of 168 and t?
21
Let c(r) = r**3 + 4*r**2 - 8*r - 10. Let q be c(-5). Suppose q*y - 4*y = 5, -j = -3*y - 1. Let h = 46 + 2. What is the greatest common divisor of h and j?
16
Let z be (-3)/(-7) - (-1026)/7*1. What is the greatest common factor of 49 and z?
49
Let v(x) = -2*x + 2*x + 2 + 0 + 3*x + 3*x**2. Let j be v(-1). Let k be 9/((-36)/(-32)) + j. Calculate the greatest common divisor of 100 and k.
10
Suppose 0 = 3*f + 12, -5*u - 2*f + 3*f - 1 = 0. Let q = u - -3. Let i = 1179 - 1171. What is the greatest common divisor of i and q?
2
Let l be 4*453/6 - (-30 + 27). Calculate the highest common divisor of 183 and l.
61
Suppose 0 = 66*d - 61*d - 15. Suppose 0 = -d*x - 3*i - 21 + 60, -69 = -3*x + 3*i. Calculate the highest common factor of 27 and x.
9
Suppose 3*a + q = 4*a - 5, 2*q = a - 5. Suppose -a*w = -w - 40. What is the greatest common factor of 30 and w?
10
Let l(g) = g**2 + 2*g - 12. Let b be l(-5). Suppose 0 = -a + b*a. Let p = 15 - a. Calculate the highest common factor of p and 165.
15
Let m(o) = 17*o + 1. Let i be m(-2). Let f be (-60)/(-33) - 6/i. Calculate the greatest common factor of 18 and f.
2
Let v be (-180)/24*(-96)/10. Suppose 14*h - 10*h - v = 0. Calculate the highest common divisor of 2 and h.
2
Let k be (-9)/2*5*(-16)/40. What is the highest common divisor of 117 and k?
9
Let h = -156 + 159. Suppose h*v = d - 2 + 3, 0 = -5*d + 10. What is the greatest common factor of v and 8?
1
Let z be ((-3)/(-18)*2)/((-1)/(-6)). Suppose 0 = 3*p + 2*x - 43, z*p + 2*x - 73 = -3*p. Calculate the highest common factor of 5 and p.
5
Let s(u) = -630*u**2. Let k be s(1). Let g be (-2)/(-9) + k/(-81). What is the highest common factor of 72 and g?
8
Suppose -2*d - 24 = -3*t - 5, -25 = 5*d. Suppose -280 = -5*b + t*b. Suppose -v = v - b. What is the highest common divisor of v and 10?
10
Let u(w) = 58*w + 4. Let c be u(2). What is the highest common divisor of c and 15?
15
Let c(l) = 2*l**2 + 26*l + 147. Let y be c(-15). What is the highest common factor of y and 18?
9
Let h(z) = -16*z + 44. Let f be h(2). Calculate the highest common factor of f and 1524.
12
Let o be (-576)/(((-100)/(-15))/(-5) - -1). Wh